es 2958 divide 582406482?
False
Is 8 a factor of 962155981?
False
Does 16 divide 50576016?
True
Is 31973760 a multiple of 546?
True
Is 7 a factor of 39910535?
True
Does 1999 divide 179293166?
False
Is 65 a factor of 48002051?
False
Is 33 a factor of 408502479?
True
Is 28 a factor of 534128?
True
Is 11 a factor of 202018586?
True
Is 2 a factor of 20000074?
True
Is 2 a factor of 11577992?
True
Does 64 divide 98543837?
False
Is 61568650 a multiple of 55?
True
Is 41 a factor of 137400484?
False
Does 611 divide 12282322?
True
Is 37458430 a multiple of 58?
True
Is 10 a factor of 439149519?
False
Is 1136949957 a multiple of 678?
False
Is 11 a factor of 268188415?
True
Does 1322 divide 23460212?
True
Does 1151 divide 421887866?
False
Is 96 a factor of 206599062?
False
Is 3 a factor of 35598058?
False
Does 19 divide 269397064?
False
Does 399 divide 237365?
False
Does 20 divide 33134940?
True
Is 4803 a factor of 1913940817?
False
Does 103 divide 11210005?
True
Is 1065744 a multiple of 120?
False
Does 38 divide 104910010?
False
Is 813741250 a multiple of 2835?
False
Is 32352822 a multiple of 67?
False
Is 243 a factor of 450419522?
False
Is 44 a factor of 2226668532?
True
Is 2924614 a multiple of 88?
False
Does 7 divide 10941572?
False
Is 303 a factor of 574821996?
False
Is 138 a factor of 95326906?
False
Is 116 a factor of 203490564?
True
Does 66 divide 2489753640?
True
Does 2 divide 67243968?
True
Is 196 a factor of 18798170?
False
Does 157 divide 334926669?
False
Is 409 a factor of 5008579?
False
Is 76546212 a multiple of 4043?
False
Does 13 divide 156896844?
True
Does 868 divide 105587661?
False
Is 6 a factor of 3654188?
False
Does 62 divide 1283235948?
True
Does 400 divide 353598000?
True
Is 4435066430 a multiple of 759?
False
Is 1306141825 a multiple of 4867?
False
Is 23 a factor of 1157778508?
True
Does 14 divide 174149346?
True
Is 44738308 a multiple of 39?
False
Does 52 divide 755870752?
True
Is 10 a factor of 4723608?
False
Is 454980560 a multiple of 622?
True
Is 13029725 a multiple of 25?
True
Is 512 a factor of 7204091?
False
Does 151 divide 1747432281?
False
Does 85 divide 6575515?
True
Is 26702319 a multiple of 71?
True
Is 13766830 a multiple of 264?
False
Is 792 a factor of 315597744?
True
Is 13698288 a multiple of 12?
True
Does 798 divide 382478519?
False
Is 188 a factor of 12565168?
True
Is 2342 a factor of 807385764?
True
Is 17652231 a multiple of 129?
True
Is 35 a factor of 32558545?
False
Does 495 divide 1614933540?
True
Is 945549649 a multiple of 611?
False
Is 179252853 a multiple of 13?
True
Is 92 a factor of 20277076?
True
Is 6927301 a multiple of 103?
False
Is 108 a factor of 17604225?
False
Does 77 divide 50141861?
True
Is 11 a factor of 196936907?
False
Is 480 a factor of 13512000?
True
Is 351730806 a multiple of 65?
False
Is 292 a factor of 887144764?
True
Is 4192507836 a multiple of 297?
True
Does 3217 divide 61357959?
False
Is 18 a factor of 1221070356?
True
Does 1024 divide 275110503?
False
Is 80 a factor of 167881840?
True
Does 1342 divide 18807848?
False
Is 620638082 a multiple of 57?
False
Is 18 a factor of 9720777?
False
Is 1208 a factor of 390811190?
False
Is 115 a factor of 658604655?
True
Does 446 divide 496773?
False
Is 32 a factor of 2607922176?
True
Is 1773 a factor of 28988550?
True
Is 167747984 a multiple of 13?
False
Is 93007018 a multiple of 15?
False
Does 264 divide 9137045?
False
Is 12872496 a multiple of 842?
True
Is 154838114 a multiple of 94?
False
Is 19 a factor of 117700469?
False
Does 430 divide 114029980?
True
Is 188607736 a multiple of 136?
False
Is 1643892648 a multiple of 75?
False
Is 267808200 a multiple of 11?
True
Is 48455397 a multiple of 519?
True
Does 2410 divide 264844540?
True
Is 293 a factor of 5410245?
True
Is 12725610 a multiple of 3?
True
Does 530 divide 68214103?
False
Does 81 divide 56834?
False
Does 2 divide 18676934?
True
Is 86 a factor of 16620471?
False
Does 1034 divide 101327864?
True
Does 17 divide 1151871491?
False
Is 156075826 a multiple of 226?
True
Is 3545838322 a multiple of 23?
False
Does 113 divide 28571417?
False
Is 1713 a factor of 564436926?
True
Is 4 a factor of 40712781?
False
Is 3106 a factor of 125962279?
False
Is 20231204 a multiple of 574?
True
Is 66421712 a multiple of 9?
False
Does 2045 divide 14750585?
True
Does 5 divide 7252770?
True
Does 1604 divide 362417828?
False
Is 1172 a factor of 5878348?
False
Does 261 divide 82567030?
False
Does 1373 divide 111416204?
True
Is 704 a factor of 49114452?
False
Is 2410299554 a multiple of 26?
True
Is 16045208 a multiple of 28?
False
Is 5 a factor of 152695569?
False
Does 83 divide 4200526013?
False
Is 5 a factor of 7774958?
False
Is 26 a factor of 48315800?
True
Does 2679 divide 225527391?
False
Is 644 a factor of 158545072?
True
Is 6 a factor of 3408797057?
False
Does 43 divide 294739?
False
Does 163 divide 326284735?
False
Is 14632203 even?
False
Is 156 a factor of 19658652?
True
Is 58 a factor of 31016138?
True
Is 196027648 a multiple of 64?
True
Does 1243 divide 560902749?
False
Does 890 divide 701259247?
False
Is 62321686 a multiple of 413?
False
Is 528235404 a multiple of 2985?
False
Is 60 a factor of 64364700?
True
Is 8 a factor of 22457867?
False
Is 521027072 a multiple of 766?
True
Is 65465800 a multiple of 64?
False
Is 315 a factor of 19223941?
False
Does 3218 divide 40369810?
True
Is 1485785088 a multiple of 9?
True
Is 245851873 a multiple of 53?
False
Is 142817372 a multiple of 15?
False
Is 183149349 a multiple of 14?
False
Does 100 divide 349375198?
False
Is 830 a factor of 245443450?
True
Is 278099637 a multiple of 19?
True
Does 6817 divide 427613166?
False
Does 68 divide 14100140?
True
Does 743 divide 93147681?
True
Does 4 divide 138407913?
False
Is 5 a factor of 22101436?
False
Does 736 divide 232759264?
True
Is 1613 a factor of 3281719800?
False
Is 2593 a factor of 67246862?
True
Is 163995521 a multiple of 35?
False
Does 117 divide 1056154703?
False
Is 11444329 a multiple of 1555?
False
Is 15 a factor of 23734106?
False
Is 4740008 a multiple of 221?
True
Does 151 divide 52950415?
True
Is 2759808 a multiple of 48?
True
Does 111 divide 28997529?
True
Does 1261 divide 234863772?
True
Does 1544 divide 39708503?
False
Does 1435 divide 424881975?
True
Does 16 divide 16860464?
True
Is 41209450 a multiple of 5?
True
Does 221 divide 126638107?
False
Is 2500 a factor of 486935000?
True
Does 7 divide 4485502?
True
Is 194644441 a multiple of 644?
False
Is 789495415 a multiple of 2021?
False
Does 17 divide 263888909?
True
Is 15838860 a multiple of 5?
True
Does 10 divide 1491209716?
False
Does 137 divide 15018676?
False
Is 240 a factor of 86005682?
False
Does 22 divide 12321997?
False
Is 1052210 a multiple of 2?
True
Is 53666866 a multiple of 253?
True
Is 968 a factor of 40142107?
False
Is 226956306 a multiple of 2367?
False
Does 22 divide 6242126?
True
Is 1951 a factor of 101621037?
False
Is 1345 a factor of 342081735?
False
Does 491 divide 11220090?
False
Is 26500078 a multiple of 238?
False
Is 309445474 a multiple of 208?
False
Is 138 a factor of 77002068?
True
Is 1392710025 a multiple of 175?
True
Is 129619560 a multiple of 420?
True
Is 3556 a factor of 3737356?
True
Is 1006 a factor of 1149878120?
True
Is 401 a factor of 433618852?
False
Is 58315201 a multiple of 2987?
True
Does 77 divide 62037360?
True
Is 145 a factor of 48334432?
False
Is 329980560 a multiple of 10?
True
Is 5137 a factor of 2079753879?
False
Is 18 a factor of 1410620?
False
Is 257256181 a multiple of 6?
False
Is 2493 a factor of 20245653?
True
Does 1171 divide 538825111?
True
Is 333293466 a multiple of 242?
False
Is 24 a factor of 135588120?
True
Does 1258 divide 2340759702?
False
Is 345941058 a multiple of 29?
True
Is 117881054 a multiple of 19?
True
Is 319067366 a multiple of 214?
True
Is 5 a factor of 3364042?
False
Does 43 divide 19309262?
False
Does 588 divide 36509945?
False
Is 142213232 a multiple of 112?
True
Does 5953 divide 455322069?
False
Is 353108135 even?
False
Is 1131527881 a multiple of 26?
False
Is 167352532 a multiple of 76?
True
Is 4751634 a multiple of 31?
False
Is 36 a factor of 5776776?
True
Is 103 a factor of 1167338747?
False
Is 886167499 a multiple of 49?
True
Is 27 a factor of 3644508573?
True
Does 28 divide 3421120